{"id":2,"date":"2009-09-06T15:05:51","date_gmt":"2009-09-06T13:05:51","guid":{"rendered":"http:\/\/blog.idetorka.se\/?page_id=2"},"modified":"2009-09-06T16:11:39","modified_gmt":"2009-09-06T14:11:39","slug":"about","status":"publish","type":"page","link":"http:\/\/blogg.idetorka.se\/?page_id=2","title":{"rendered":"About"},"content":{"rendered":"<p>Vem \u00e4r jag?<br \/>\nMitt namn \u00e4r Pierre och \u00e4r fotointresserad, b\u00f6rjade fotografera 2008 och tycker om att utvecklas.<\/p>\n","protected":false},"excerpt":{"rendered":"<p>Vem \u00e4r jag? Mitt namn \u00e4r Pierre och \u00e4r fotointresserad, b\u00f6rjade fotografera 2008 och tycker om att utvecklas.<\/p>\n","protected":false},"author":1,"featured_media":0,"parent":0,"menu_order":0,"comment_status":"open","ping_status":"open","template":"","meta":{"footnotes":""},"_links":{"self":[{"href":"http:\/\/blogg.idetorka.se\/index.php?rest_route=\/wp\/v2\/pages\/2"}],"collection":[{"href":"http:\/\/blogg.idetorka.se\/index.php?rest_route=\/wp\/v2\/pages"}],"about":[{"href":"http:\/\/blogg.idetorka.se\/index.php?rest_route=\/wp\/v2\/types\/page"}],"author":[{"embeddable":true,"href":"http:\/\/blogg.idetorka.se\/index.php?rest_route=\/wp\/v2\/users\/1"}],"replies":[{"embeddable":true,"href":"http:\/\/blogg.idetorka.se\/index.php?rest_route=%2Fwp%2Fv2%2Fcomments&post=2"}],"version-history":[{"count":2,"href":"http:\/\/blogg.idetorka.se\/index.php?rest_route=\/wp\/v2\/pages\/2\/revisions"}],"predecessor-version":[{"id":16,"href":"http:\/\/blogg.idetorka.se\/index.php?rest_route=\/wp\/v2\/pages\/2\/revisions\/16"}],"wp:attachment":[{"href":"http:\/\/blogg.idetorka.se\/index.php?rest_route=%2Fwp%2Fv2%2Fmedia&parent=2"}],"curies":[{"name":"wp","href":"https:\/\/api.w.org\/{rel}","templated":true}]}}